ase 14, what is -4 + 1?
-3
In base 5, what is -20 + 22?
2
In base 12, what is 11 + -31?
-20
In base 8, what is 473 - -4?
477
In base 9, what is 305 - 0?
305
In base 11, what is -1 + 6a?
69
In base 6, what is -442 - 4?
-450
In base 13, what is -210 - -2?
-20b
In base 9, what is -7 - -405?
387
In base 3, what is 2112022 - 11?
2112011
In base 6, what is -30 + 141?
111
In base 9, what is -1 + -570?
-571
In base 12, what is -b - 5?
-14
In base 6, what is -143 - 21?
-204
In base 4, what is 3 - -13211?
13220
In base 7, what is -33 - 202?
-235
In base 7, what is -20 - 26?
-46
In base 12, what is 1a + -247?
-229
In base 5, what is -233204 - -3?
-233201
In base 6, what is 22 + -34?
-12
In base 2, what is -1001001001 - 101?
-1001001110
In base 11, what is 4 - 1558?
-1554
In base 7, what is -62003 - 0?
-62003
In base 2, what is -1000 + 1000?
0
In base 9, what is 12 - -478?
501
In base 14, what is b9 - -5?
c0
In base 11, what is -4a - -25?
-25
In base 9, what is -16 + 436?
420
In base 3, what is -11 - -20?
2
In base 7, what is -4601 - -4?
-4564
In base 6, what is 1 + 21?
22
In base 9, what is 21880 - -4?
21884
In base 4, what is 1 + -112320?
-112313
In base 15, what is -44 - 3?
-47
In base 12, what is -164 + -1?
-165
In base 12, what is 6 + -6b?
-65
In base 2, what is 11000 + -1010?
1110
In base 10, what is 0 + -14?
-14
In base 5, what is -2 + -13021?
-13023
In base 2, what is 10100011 - -11101?
11000000
In base 16, what is 4 + 53?
57
In base 10, what is -5 + 5113?
5108
In base 16, what is -4 + -af?
-b3
In base 12, what is 23003 - -3?
23006
In base 5, what is 34140 - -1?
34141
In base 15, what is 3 + 16?
19
In base 2, what is -10010 - -111000?
100110
In base 4, what is 2 + 1311?
1313
In base 9, what is -114 + 13?
-101
In base 8, what is 3 - -113?
116
In base 2, what is 10000011010 - 101?
10000010101
In base 9, what is -66 - -5?
-61
In base 10, what is 62 + 9?
71
In base 12, what is -3 + 794?
791
In base 5, what is 204312 + 4?
204321
In base 7, what is -3 - 1044?
-1050
In base 3, what is -11 - 20011?
-20022
In base 10, what is -12 - 10?
-22
In base 15, what is -3 + -24?
-27
In base 6, what is -41 + -14?
-55
In base 8, what is -2052 + 3?
-2047
In base 6, what is 2103 + 0?
2103
In base 15, what is -17d - 11?
-18e
In base 13, what is 8 - -1?
9
In base 9, what is 58 + 84?
153
In base 3, what is 110 - 1220220?
-1220110
In base 16, what is 2 + 2c?
2e
In base 11, what is 11 - 219?
-208
In base 7, what is 122426 - 2?
122424
In base 8, what is -4 + 1114?
1110
In base 13, what is -4 + 822?
81b
In base 3, what is 10002 + -22?
2210
In base 12, what is b78 + -1?
b77
In base 4, what is -22 - -10?
-12
In base 8, what is -2 + -2025?
-2027
In base 16, what is 2 + -4a?
-48
In base 8, what is -1562 - -5?
-1555
In base 4, what is -203 + -10?
-213
In base 12, what is a + 2a4?
2b2
In base 2, what is 10 - 1011011?
-1011001
In base 14, what is 1b45 + -4?
1b41
In base 5, what is 4 + 4204?
4213
In base 7, what is 2 + 46?
51
In base 10, what is -1501 + 3?
-1498
In base 12, what is 49 + 4?
51
In base 15, what is -1e + 5?
-19
In base 9, what is -20 + -3?
-23
In base 2, what is 10011001001 - 100?
10011000101
In base 12, what is -4a + 5?
-45
In base 4, what is 1 - -20003?
20010
In base 15, what is -22a + 5?
-225
In base 11, what is -3 + -43?
-46
In base 9, what is 88 - 4?
84
In base 3, what is 1 + -1202?
-1201
In base 2, what is 1011101000101111 - -10?
1011101000110001
In base 7, what is 2 - -232?
234
In base 2, what is -101010 - -1011111?
110101
In base 5, what is -144 + 4114?
3420
In base 14, what is 90 - -67?
117
In base 13, what is -196 - -3?
-193
In base 16, what is -d7 + -6?
-dd
In base 4, what is 2 + -10221?
-10213
In base 11, what is -530 - -5?
-526
In base 8, what is -4 + -2231?
-2235
In base 10, what is -34 + 31?
-3
In base 13, what is -1 - 709?
-70a
In base 16, what is a1c + 3?
a1f
In base 7, what is 1 + -2104?
-2103
In base 3, what is 211 - -121?
1102
In base 9, what is -155 + 53?
-102
In base 14, what is 2 + -1023?
-1021
In base 5, what is -1 - -2243?
2242
In base 8, what is 273 - -14?
307
In base 9, what is -324 - 13?
-337
In base 15, what is -17c - 5?
-182
In base 13, what is 3 - -10?
13
In base 2, what is 1100010 + -100?
1011110
In base 4, what is 11 + -32?
-21
In base 6, what is 5 + 2413?
2422
In base 4, what is -10010 + -3?
-10013
In base 5, what is -23 - 14?
-42
In base 3, what is -11 + -1001212?
-1002000
In base 16, what is -216 + -1?
-217
In base 13, what is -5 + 2097?
2092
In base 13, what is -26 - 28?
-51
In base 3, what is 12 + -122012?
-122000
In base 2, what is -1111100100 + -110?
-1111101010
In base 9, what is 5 + 388?
404
In base 6, what is -5 - 4341?
-4350
In base 7, what is -16530 - 1?
-16531
In base 8, what is -26775 - -4?
-26771
In base 15, what is -5 + -125?
-12a
In base 8, what is -3 - -220?
215
In base 11, what is -354 + 3?
-351
In base 13, what is -b3 + 4?
-ac
In base 10, what is 1503 - 7?
1496
In base 4, what is 1 - -22323?
22330
In base 16, what is -57 - -6?
-51
In base 9, what is 3 - -61?
64
In base 14, what is -3 + -39?
-3c
In base 14, what is -21 + -20?
-41
In base 4, what is -1 + -1031121?
-1031122
In base 15, what is -1a4 + -39?
-1dd
In base 10, what is -7655 + 2?
-7653
In base 7, what is 223 - 45?
145
In base 14, what is -28c + 37?
-255
In base 5, what is 10310 + 3?
10313
In base 2, what is -1100000 + -10?
-1100010
In base 12, what is -1 + -992?
-993
In base 7, what is -3 + 23?
20
In base 2, what is -100000011 - -1?
-100000010
In base 14, what is 2 - 29?
-27
In base 9, what is -4 + -5?
-10
In base 4, what is 2 + 21220?
21222
In base 15, what is 0 + b5?
b5
In base 9, what is -4 - 1?
-5
In base 2, what is 1110 - -10001000?
10010110
In base 14, what is 8 - 99?
-91
In base 6, what is -1324 + 22?
-1302
In base 15, what is 1aa - -1?
1ab
In base 5, what is -2423 - -1?
-2422
In base 9, what is -1 + 202?
201
In base 3, what is 12 - 112100?
-112011
In base 13, what is 24 - 5?
1c
In base 14, what is 32 + -165?
-133
In base 9, what is 1 - 38?
-37
In base 14, what is -8 + 210?
206
In base 14, what is -2 - -8b?
89
In base 12, what is 68b - -4?
693
In base 8, what is -7 - 5?
-14
In base 5, what is -3 + 142300?
142242
In base 9, what is -18 + 4?
-14
In base 13, what is 2 - 2b4?
-2b2
In base 12, what is 0 - 51?
-51
In base 13, what is 711 + -5?
709
In base 11, what is -10 - 134?
-144
In base 12, what is 2 + -39?
-37
In base 9, what is 614 + -5?
608
In base 4, what is 3 - -130010?
130013
In base 7, what is -2201 + 3?
-2165
In base 12, what is -67 + -1b?
-86
In base 13, what is -475 - -3?
-472
In base 2, what is -10110101111 - -1?
-10110101110
In base 10, what is 80 + -5?
75
In base 13, what is 3 + -4b4?
-4b1
In base 11, what is 806 + 3?
809
In base 13, what is -1 + -18?
-19
In base 3, what is 1002 + -2210?
-1201
In base 11, what is -55 - -101?
57
In base 7, what is 3 - 13010?
-13004
In base 6, what is -1 + 2533?
2532
In base 6, what is -2 + -424?
-430
In base 10, what is 5 - 4831?
-4826
In base 2, what is 100 + 1011001111011?
1011001111111
In base 10, what is -1 + -1387?
-1388
In base 14, what is 70 - 10?
60
In base 16, what is -6 - 60?
-66
In base 12, what is -89 + -7?
-94
In base 11, what is 1 - -61?
62
In base 4, what is 1 + -22213?
-22212
In base 6, what is 15 - -1502?
1521
In base 3, what is -12 + -1200?
-1212
In base 16, what is -1e78 + -3?
-1e7b
In base 7, what is -4 - 20112?
-20116
In base 4, what is 1133 + 303?
2102
In base 7, what is -106 + 54?
-22
In base 16, what is 211 - b?
206
In base 13, what is 5 - -79a?
7a2
In base 12, what is -23 + -90?
-b3
In base 11, what is -195a - 3?
-1962
In base 3, what is 12101 - -1?
12102
In base 5, what is -102 - -40?
-12
In base 4, what is -10020320 - -11?
-10020303
In base 7, what is -1 + 1?
0
In base 12, what is -4 - -18?
14
In base 5, what is -21 - 30?
-101
In base 8, what is 657 + 5?
664
In base 11, what is 13a4 + -6?
1399
In base 16, what is -2cb - 4?
-2cf
In base 15, what is 4 + 21?
25
In base 4, what is -21 + -20?
-101
In base 4, what is 10220 - -11?
10231
In base 15, what is -4 - 220?
-224
In base 15, what is 14 + 177?
18b
In base 16, what is 5 - 171?
-16c
In base 10, what is -5 + -6949?
-6954
In base 9, what is 24 + -10?
14
In base 6, what is -5 + 155?
150
In base 16, what is b - -3?
e
In base 5, what is